{"id":230,"date":"2021-03-18T11:14:00","date_gmt":"2021-03-18T11:14:00","guid":{"rendered":"http:\/\/dombudlapalice.pl\/?page_id=230"},"modified":"2021-03-18T13:09:45","modified_gmt":"2021-03-18T13:09:45","slug":"materialy-budowlane-i-wykonczeniowe","status":"publish","type":"page","link":"https:\/\/dombudlapalice.pl\/index.php\/materialy-budowlane-i-wykonczeniowe\/","title":{"rendered":"Materia\u0142y budowlane i wyko\u0144czeniowe"},"content":{"rendered":"\n<div class=\"wp-block-image is-style-default\"><figure class=\"aligncenter size-large\"><img loading=\"lazy\" decoding=\"async\" width=\"275\" height=\"183\" src=\"https:\/\/dombudlapalice.pl\/wp-content\/uploads\/2021\/03\/images-4.jpeg\" alt=\"\" class=\"wp-image-249\"\/><\/figure><\/div>\n\n\n\n<div class=\"wp-block-columns is-layout-flex wp-container-core-columns-is-layout-9d6595d7 wp-block-columns-is-layout-flex\">\n<div class=\"wp-block-column is-layout-flow wp-block-column-is-layout-flow\" style=\"flex-basis:100%\">\n<ul>\n<li>p\u0142yty karton-gips<\/li>\n<li>profile aluminiowe<\/li>\n<li>p\u0142yty OSB<\/li>\n<li>\u015bruby, wkr\u0119ty, gwo\u017adzie<\/li>\n<li>farby malarskie i akcesoria<\/li>\n<li>impregnaty do drewna<\/li>\n<li>chemia budowlana<\/li>\n<li>cement<\/li>\n<li>tynki, styropiany, we\u0142na\u00a0<\/li>\n<li>kleje, silikony, rozpuszczalniki<\/li>\n<li>elektronarz\u0119dzia<\/li>\n<li>inne<\/li>\n<\/ul>\n<\/div>\n<\/div>\n\n\n<p style=\"text-align: center;\"><img loading=\"lazy\" decoding=\"async\" class=\"alignnone size-full wp-image-74\" src=\"https:\/\/dombudlapalice.pl\/wp-content\/uploads\/2021\/03\/telefon.gif\" alt=\"\" width=\"39\" height=\"39\">&nbsp; <span style=\"color: #ff0000;\"><strong>&nbsp;58 694 60 80<\/strong><\/span><\/p>\n\n\n<p><\/p>\n","protected":false},"excerpt":{"rendered":"<p>p\u0142yty karton-gips profile aluminiowe p\u0142yty OSB \u015bruby, wkr\u0119ty, gwo\u017adzie farby malarskie i akcesoria impregnaty do drewna chemia budowlana cement tynki, styropiany, we\u0142na\u00a0 kleje, silikony, rozpuszczalniki elektronarz\u0119dzia inne &nbsp; &nbsp;58 694 60 80<\/p>\n","protected":false},"author":1,"featured_media":0,"parent":0,"menu_order":0,"comment_status":"closed","ping_status":"closed","template":"","meta":{"footnotes":""},"class_list":["post-230","page","type-page","status-publish","hentry","missing-thumbnail"],"_links":{"self":[{"href":"https:\/\/dombudlapalice.pl\/index.php\/wp-json\/wp\/v2\/pages\/230","targetHints":{"allow":["GET"]}}],"collection":[{"href":"https:\/\/dombudlapalice.pl\/index.php\/wp-json\/wp\/v2\/pages"}],"about":[{"href":"https:\/\/dombudlapalice.pl\/index.php\/wp-json\/wp\/v2\/types\/page"}],"author":[{"embeddable":true,"href":"https:\/\/dombudlapalice.pl\/index.php\/wp-json\/wp\/v2\/users\/1"}],"replies":[{"embeddable":true,"href":"https:\/\/dombudlapalice.pl\/index.php\/wp-json\/wp\/v2\/comments?post=230"}],"version-history":[{"count":6,"href":"https:\/\/dombudlapalice.pl\/index.php\/wp-json\/wp\/v2\/pages\/230\/revisions"}],"predecessor-version":[{"id":255,"href":"https:\/\/dombudlapalice.pl\/index.php\/wp-json\/wp\/v2\/pages\/230\/revisions\/255"}],"wp:attachment":[{"href":"https:\/\/dombudlapalice.pl\/index.php\/wp-json\/wp\/v2\/media?parent=230"}],"curies":[{"name":"wp","href":"https:\/\/api.w.org\/{rel}","templated":true}]}}